pose 5*m - 748 - 402 = r. What is the tens digit of m?
3
Let p = -208 + 203. Let z(q) = 33*q**2 - 4*q + 2. What is the hundreds digit of z(p)?
8
Suppose 2*t = -2*q + 158648, -3*t + 348040 = 2*q + 110062. What is the thousands digit of t?
9
Suppose 72 = 3*l + 87. Let w(r) = 40*r**2 + 41*r + 223. What is the units digit of w(l)?
8
Suppose 2*q - l - 995 = -q, 0 = 5*q + 5*l - 1625. Let p = 506 - q. Let g = p + -119. What is the tens digit of g?
5
Suppose -2*j + 2*m + 22 = 0, 15*j + 4*m - 84 = 11*j. Let f = j + 883. What is the hundreds digit of f?
8
Let h = 706 - 590. Suppose -766 = -118*t + h*t. What is the units digit of t?
3
Let z(h) = 12*h**2 - 18*h - 4. Let v(i) = i**2. Let k(n) = 5*v(n) + z(n). What is the units digit of k(-7)?
5
Let c(p) = -p**2 - 6*p + 71. Let v be c(6). Suppose 0 = -3*q - 3*f - 261, -3*q + 3*f - 2*f = 265. What is the tens digit of (-12)/3 - (q + v)?
8
Let i = 17 + -10. Suppose 5*j = 22 - i. Suppose j*o = c - 67, 2*c + 7*o - 116 = 4*o. What is the tens digit of c?
6
Let a(v) = 2*v**3 - 39*v**2 + 214*v - 5. What is the tens digit of a(21)?
1
Let i(f) = f**3 - 16*f**2 - 5*f - 121. Suppose 0 = -4*r + 69 - 1. What is the tens digit of i(r)?
8
Let n(c) = 5*c**3 - 94*c**2 - 39*c - 686. What is the ten thousands digit of n(33)?
7
What is the hundreds digit of (-1)/(9/(-4)) - (-18199759)/2259?
0
Let v(y) = -86*y + 25. Let w be v(-3). Suppose -3*j - r + w = -1297, -4*r = -3*j + 1570. What is the hundreds digit of j?
5
Let j(m) = -2830*m + 1101. What is the tens digit of j(-13)?
9
Let z = 644 + -1077. Let i = 718 + z. What is the units digit of i?
5
Suppose -5*k = -4*p - 864, 2*p + 33*k + 462 = 28*k. What is the units digit of 308/(2/17 - p/578)?
6
Suppose 8*v - 3*v - 40 = 0. Let d be (v + -5)/(-3) + -340. What is the units digit of d/(-7) - 4/(-14)?
9
Let g = 22128 - 2580. What is the tens digit of g?
4
Let q(a) = -1251*a + 83. What is the hundreds digit of q(-37)?
3
Let g(l) = 208*l - 5. Let v(q) = -q - 1. Suppose 5*i = 4*a + 14, 2*i + a + 3*a = 28. Let f(z) = i*v(z) - g(z). What is the units digit of f(-1)?
3
Let s be (218/(-4))/((-3)/(-6)). Suppose -35 = 2*w - 29, -2*w = 4*n - 638. Let k = n + s. What is the units digit of k?
2
Let q be -2*1*(-4)/(-8). Let h be q/6 + 8729/(-42). Let o = h - -314. What is the units digit of o?
6
Let j(x) = 2*x**2 + 11*x + 69. Let l(t) = -t**3 + 41*t**2 + t - 50. Let m be l(41). What is the units digit of j(m)?
2
Let q(k) = 495*k**3 - 3*k**2 + k - 1. Let i be q(1). Suppose -i*c + 5688 = -486*c. What is the units digit of c?
8
Suppose 2*c = 2, -4*n + c + 3041 = -20054. What is the hundreds digit of n?
7
Suppose 0 = a + 3*z - 29 + 54, 2*a + 2*z = -46. Let j(c) = 2*c**2 + 23*c + 115. What is the tens digit of j(a)?
7
Let d = 18 + -23. Let h be (8/d)/((-10)/25). Suppose 91 = 2*y + h*k - 33, -99 = -2*y + k. What is the tens digit of y?
5
Suppose -5*c - 22 = 5*y - 2, 19 = -5*y - 4*c. Let u(t) = 5*t**2 - 6*t - 11. What is the tens digit of u(y)?
5
Let c(f) = f - 10. Let p be c(12). Suppose -m = -0 + p, -2*m - 4 = -2*v. Suppose v = -3*a + 15, -a - 485 = -5*o - 4*a. What is the tens digit of o?
9
Let t(v) = -39*v - 16. Let b(l) = -2*l**3 - 6*l**2 - l - 5. Let q be b(-3). What is the tens digit of t(q)?
6
Suppose 2*y = 290*i - 287*i + 108313, 3*i = y - 54161. What is the units digit of y?
2
Let h = 11420 - 8833. What is the thousands digit of h?
2
Let v(m) = -10*m**3 - 16*m**2 - 56*m - 428. What is the thousands digit of v(-9)?
6
Let i(b) = 13*b - 15*b - 32*b + 4*b - b**2 - 77. What is the units digit of i(-18)?
9
Suppose 63523 + 100685 = 33*t. What is the thousands digit of t?
4
Let n = -89 - -94. Let l = 418 - -289. Suppose -n*k + l - 57 = 0. What is the units digit of k?
0
Let a(u) = -u**3 - 5*u**2 - 7*u - 5. Let r be a(-2). What is the tens digit of (r - -225) + (2/(-2) - 4)?
1
Suppose 0 = 15*v - 11*v - 564. Let n = 34 - v. Let l = -11 - n. What is the units digit of l?
6
Let p = 348 + -234. Let k = p - -268. What is the tens digit of k?
8
Let m(b) = 2*b + 16. Let y be m(-6). Suppose -4*h + 12 = -y. Suppose -f - 2*t = -113, h*f - 2*f - 2*t = 226. What is the hundreds digit of f?
1
Let b = 42 + -42. Suppose 3*r + 3*l + 141 = b, -5*r - 2*l = -0*l + 232. Let i = 7 - r. What is the units digit of i?
3
Let b(g) = g**3 - 17*g**2 - 12*g - 34. Let t be b(18). Let x = 76 - t. Suppose 2*l - 3*l - m = 0, -x*l + m + 15 = 0. What is the units digit of l?
5
Let f = -470 + 490. Suppose 784 = -f*d + 28*d. What is the units digit of d?
8
Let j = 443 + -450. Let o(q) = 3*q**2 - 25*q - 8. What is the tens digit of o(j)?
1
Let x be 140/(-80)*(8 - 0/(-1)). Let i(t) = -38*t + 124. What is the hundreds digit of i(x)?
6
Let n = 860 + 314. Suppose n = -2*s + 3036. What is the hundreds digit of s?
9
Suppose -10002 - 8406 - 40104 = -3*y. What is the hundreds digit of y?
5
Let b(c) = -2*c**3 - 2*c**2 + 3*c + 6. Let y be b(-3). Let a = y - 30. Suppose 4*l + 65 = a*x, -x + l + 50 = 2*x. What is the units digit of x?
5
Suppose 7*r - 1 = 20. Suppose -r*g - 4*q + 1096 = 0, 5*q - 1094 = 23*g - 26*g. What is the tens digit of g?
6
Suppose 3*c - 869 = -4*o, -61*c + 1163 = -57*c + o. Let p = 387 - c. What is the units digit of p?
6
Let f(u) = 3*u + 29. Let v = -23 - -41. Suppose -v + 9 = -3*m. What is the tens digit of f(m)?
3
Let u = -28 - -403. Suppose -u = -w + 5*x, -6*w + 1854 = -w - 4*x. What is the hundreds digit of w?
3
Suppose 2124551 + 323531 = 91*q. What is the ten thousands digit of q?
2
Let s = -17 - -26. Let f = 1738 - 1735. Suppose 3*h - f = 0, 137 - s = x - 3*h. What is the hundreds digit of x?
1
Let r(p) = -2*p**3 - 34*p**2 + 17*p + 23. Let z be r(-19). Suppose z = 3*j - 5*u, u + u + 380 = j. What is the units digit of j?
8
What is the units digit of 1672/(-627) - 143872/(-6)?
6
Suppose 13299 - 441399 = -150*h. What is the thousands digit of h?
2
Suppose 0 = 2*z - 1 - 3. Suppose 2*c + 4*n = 12, -7*c + z*n = -2*c - 6. Suppose 0 = 4*s + 3*b + 24 - 152, -c*s + 78 = -2*b. What is the units digit of s?
5
Let v = -21 + 23. Let g be v/3 + (-404)/(-6). What is the units digit of (-12)/(-36) - g/(-3)?
3
Suppose 5*t + 6*r - 55861 = 0, -5*t + r + 70986 = 15167. What is the units digit of t?
5
Suppose 14856 = 2*t + c, 14856 = -0*t + 2*t + 4*c. What is the hundreds digit of t?
4
Let h = -4257 + 10922. Suppose -6*c + h + 1327 = 0. What is the thousands digit of c?
1
Suppose -2*w + 12518 = -3*y, 14 + 2 = 4*y. Suppose -w = -7*z - 1953. What is the hundreds digit of z?
6
Let u(k) = -19*k - 99. Let b be u(-5). Let m(a) = -14*a**3 + 6*a**2 - 2*a - 23. What is the tens digit of m(b)?
7
Suppose 15645 = 8*n - 15987. What is the thousands digit of n?
3
Let g(x) = 101*x**2 - x + 1. Let s = -71 + 72. Let c be g(s). Let r = c - -22. What is the tens digit of r?
2
Let f(g) be the first derivative of 153*g**2/2 + 223*g - 154. What is the tens digit of f(6)?
4
Suppose -3*l + 4 = -5. Suppose -l*x = 121 + 614. Let m = x + 419. What is the units digit of m?
4
What is the hundreds digit of 440430/21 + (-3)/(-21)?
9
Suppose 29*t - 15*t - 84 = 0. Let g(k) = 18*k**2 - 15*k + 16. What is the units digit of g(t)?
4
Let o(n) = -1970*n - 3747. What is the hundreds digit of o(-13)?
8
Suppose -1474970 - 1640158 = -248*b. What is the thousands digit of b?
2
Let g be 9*-1*(4 + (-26)/6). Let l(v) = 46*v**2 - v + 11. What is the hundreds digit of l(g)?
4
Let w be ((-597)/2 - -2)*(6 + -4). Let g = w - -1034. What is the units digit of g?
1
Suppose -246*p + 2*p = -7*p - 531828. What is the units digit of p?
4
Let i(f) = -41*f**3 - 15*f**2 + 10*f - 16. What is the units digit of i(-6)?
0
Let s be (7 + -4 + 342)/(3/(-2)). Let j = -233 - -577. Let p = j + s. What is the tens digit of p?
1
Let k(z) = z**2 + 9*z + 12. Let t be k(-8). Suppose 2615 = 5*p - 4*w, 4*w - 1569 = -t*p + p. What is the units digit of p?
3
Suppose 0 = -b - u + 5444, -3*b - 5*u = -6*b + 16356. What is the units digit of b?
7
Suppose -6*b + 13696 = -106436. What is the units digit of b?
2
Suppose 0 = 11*a - 8*a - 375. Let b = a + -127. What is the hundreds digit of (1*-21)/(b/10)?
1
Let i = 1 + 5. Suppose 6*o - 2964 = 3*o. Suppose -i*d + o = -2*d. What is the hundreds digit of d?
2
Let l be (-1 + 0)*0*(-2)/8. Let p be 2*(-5)/(-30)*l. Suppose 4*g - 16 = p, 0 = -t + 4*t - 4*g - 101. What is the units